{"id":2827,"date":"2018-03-06T07:21:16","date_gmt":"2018-03-06T07:21:16","guid":{"rendered":"https:\/\/theme-gavias.com\/wp\/kiamo\/?page_id=2827"},"modified":"2020-12-26T01:18:20","modified_gmt":"2020-12-25T22:18:20","slug":"hizmetlerimiz","status":"publish","type":"page","link":"https:\/\/izmitrulman.com\/?page_id=2827","title":{"rendered":"Hizmetlerimiz"},"content":{"rendered":"<p>[vc_row isfullwidth=&#8221;&#8221;][vc_column][gva_block_heading title=&#8221;Tedarik\u00e7iniz olmaktan gurur duyar\u0131z.&#8221; desc=&#8221;Geni\u015f portf\u00f6yl\u00fc, nitelikli \u00fcr\u00fcnlerimiz hakk\u0131nda daha fazla bilgi edinin.&#8221;][gva_services_grid items_lg=&#8221;3&#8243; items_md=&#8221;3&#8243; items_sm=&#8221;2&#8243; items_xs=&#8221;2&#8243;][\/vc_column][\/vc_row]<\/p>\n","protected":false},"excerpt":{"rendered":"<p>[vc_row isfullwidth=&#8221;&#8221;][vc_column][gva_block_heading title=&#8221;Tedarik\u00e7iniz olmaktan gurur duyar\u0131z.&#8221; desc=&#8221;Geni\u015f portf\u00f6yl\u00fc, nitelikli \u00fcr\u00fcnlerimiz hakk\u0131nda daha fazla bilgi edinin.&#8221;][gva_services_grid items_lg=&#8221;3&#8243; items_md=&#8221;3&#8243; items_sm=&#8221;2&#8243; items_xs=&#8221;2&#8243;][\/vc_column][\/vc_row]<\/p>\n","protected":false},"author":1,"featured_media":0,"parent":0,"menu_order":0,"comment_status":"closed","ping_status":"closed","template":"","meta":[],"_links":{"self":[{"href":"https:\/\/izmitrulman.com\/index.php?rest_route=\/wp\/v2\/pages\/2827"}],"collection":[{"href":"https:\/\/izmitrulman.com\/index.php?rest_route=\/wp\/v2\/pages"}],"about":[{"href":"https:\/\/izmitrulman.com\/index.php?rest_route=\/wp\/v2\/types\/page"}],"author":[{"embeddable":true,"href":"https:\/\/izmitrulman.com\/index.php?rest_route=\/wp\/v2\/users\/1"}],"replies":[{"embeddable":true,"href":"https:\/\/izmitrulman.com\/index.php?rest_route=%2Fwp%2Fv2%2Fcomments&post=2827"}],"version-history":[{"count":9,"href":"https:\/\/izmitrulman.com\/index.php?rest_route=\/wp\/v2\/pages\/2827\/revisions"}],"predecessor-version":[{"id":13717,"href":"https:\/\/izmitrulman.com\/index.php?rest_route=\/wp\/v2\/pages\/2827\/revisions\/13717"}],"wp:attachment":[{"href":"https:\/\/izmitrulman.com\/index.php?rest_route=%2Fwp%2Fv2%2Fmedia&parent=2827"}],"curies":[{"name":"wp","href":"https:\/\/api.w.org\/{rel}","templated":true}]}}