{"id":610,"date":"2016-03-07T03:10:46","date_gmt":"2016-03-07T03:10:46","guid":{"rendered":"https:\/\/theme-gavias.com\/wp\/kiamo\/?page_id=610"},"modified":"2019-11-08T21:59:02","modified_gmt":"2019-11-08T18:59:02","slug":"iletisim","status":"publish","type":"page","link":"https:\/\/izmitrulman.com\/?page_id=610","title":{"rendered":"\u0130leti\u015fim"},"content":{"rendered":"<p>[vc_row row_space=&#8221;remove_padding&#8221;][vc_column width=&#8221;1\/2&#8243;]\n<div class=\"wpcf7 no-js\" id=\"wpcf7-f4-o1\" lang=\"tr-TR\" dir=\"ltr\">\n<div class=\"screen-reader-response\"><p role=\"status\" aria-live=\"polite\" aria-atomic=\"true\"><\/p> <ul><\/ul><\/div>\n<form action=\"\/index.php?rest_route=%2Fwp%2Fv2%2Fpages%2F610#wpcf7-f4-o1\" method=\"post\" class=\"wpcf7-form init\" aria-label=\"Contact form\" novalidate=\"novalidate\" data-status=\"init\">\n<div style=\"display: none;\">\n<input type=\"hidden\" name=\"_wpcf7\" value=\"4\" \/>\n<input type=\"hidden\" name=\"_wpcf7_version\" value=\"5.7.6\" \/>\n<input type=\"hidden\" name=\"_wpcf7_locale\" value=\"tr_TR\" \/>\n<input type=\"hidden\" name=\"_wpcf7_unit_tag\" value=\"wpcf7-f4-o1\" \/>\n<input type=\"hidden\" name=\"_wpcf7_container_post\" value=\"0\" \/>\n<input type=\"hidden\" name=\"_wpcf7_posted_data_hash\" value=\"\" \/>\n<\/div>\n<p><label> \u0130sim Soyisim (*)<br \/>\n<span class=\"wpcf7-form-control-wrap\" data-name=\"your-name\"><input size=\"40\" class=\"wpcf7-form-control wpcf7-text wpcf7-validates-as-required\" aria-required=\"true\" aria-invalid=\"false\" value=\"\" type=\"text\" name=\"your-name\" \/><\/span> <\/label>\n<\/p>\n<p><label> E-Posta Adresiniz (*)<br \/>\n<span class=\"wpcf7-form-control-wrap\" data-name=\"your-email\"><input size=\"40\" class=\"wpcf7-form-control wpcf7-text wpcf7-email wpcf7-validates-as-required wpcf7-validates-as-email\" aria-required=\"true\" aria-invalid=\"false\" value=\"\" type=\"email\" name=\"your-email\" \/><\/span> <\/label>\n<\/p>\n<p><label> Konu<br \/>\n<span class=\"wpcf7-form-control-wrap\" data-name=\"your-subject\"><input size=\"40\" class=\"wpcf7-form-control wpcf7-text\" aria-invalid=\"false\" value=\"\" type=\"text\" name=\"your-subject\" \/><\/span> <\/label>\n<\/p>\n<p><label> Mesaj\u0131n\u0131z<br \/>\n<span class=\"wpcf7-form-control-wrap\" data-name=\"your-message\"><textarea cols=\"40\" rows=\"10\" class=\"wpcf7-form-control wpcf7-textarea\" aria-invalid=\"false\" name=\"your-message\"><\/textarea><\/span> <\/label>\n<\/p>\n<p><input class=\"wpcf7-form-control has-spinner wpcf7-submit\" type=\"submit\" value=\"G\u00f6nder\" \/>\n<\/p><div class=\"wpcf7-response-output\" aria-hidden=\"true\"><\/div>\n<\/form>\n<\/div>\n[\/vc_column][vc_column width=&#8221;1\/2&#8243;][vc_column_text]<strong>\u0130leti\u015fim Bilgilerimiz:<\/strong><\/p>\n<p><strong>Adresimiz: <\/strong><br \/>\n<i class=\"fa fa-map-marker\" aria-hidden=\"true\"><\/i> : Sanayi Mh. \u0130zmit San. Sit. 7.Cad. 414 Blok No.5<\/p>\n<p><strong>Telefon Numaralar\u0131m\u0131z: <\/strong><br \/>\n<i class=\"fa fa-mobile\" aria-hidden=\"true\"><\/i> : <strong>G\u00f6khan \u00c7AKIR<\/strong>: <a href=\"tel:05434154969\">+90 (543) 415 49 69<\/a><br \/>\n<i class=\"fa fa-mobile\" aria-hidden=\"true\"><\/i> : <strong>M\u00fccahit Enes \u00c7AKIR<\/strong>: <a href=\"tel:05413731997\">+90 541 373 19 97<\/a><br \/>\n<i class=\"fa fa-phone\" aria-hidden=\"true\"><\/i> : <strong>Ofis<\/strong>: <a href=\"tel:02623355545\">0262 335 55 45<\/a><\/p>\n<p><strong>E-Posta Adreslerimiz<\/strong><br \/>\n<i class=\"fa fa-envelope\" aria-hidden=\"true\"><\/i> : info@izmitrulman.com<br \/>\n<i class=\"fa fa-envelope\" aria-hidden=\"true\"><\/i> : satis@izmitrulman.com[\/vc_column_text][\/vc_column][\/vc_row][vc_row row_space=&#8221;remove_padding&#8221; isfullwidth=&#8221;0&#8243;][vc_column][vc_gmaps link=&#8221;#E-8_JTNDaWZyYW1lJTIwc3JjJTNEJTIyaHR0cHMlM0ElMkYlMkZ3d3cuZ29vZ2xlLmNvbSUyRm1hcHMlMkZlbWJlZCUzRnBiJTNEJTIxMW0xOCUyMTFtMTIlMjExbTMlMjExZDMwMjIuNTgxODI0NTYwMDY2NyUyMTJkMjkuOTQ5MzI3OTE1NzI3MDE0JTIxM2Q0MC43NDkyMjYyNDMyNzM3MjUlMjEybTMlMjExZjAlMjEyZjAlMjEzZjAlMjEzbTIlMjExaTEwMjQlMjEyaTc2OCUyMTRmMTMuMSUyMTNtMyUyMTFtMiUyMTFzMHgxNGNiNDU4Yjg4MmE2MGIxJTI1M0EweGRlOWI3OWY1ZTFmYWNiMTAlMjEyenhMQmFUY1N3VkNCU1ZVeE5RVTRnVFVGTExpQlRRVTR1SUZURXNFTXVJRXhVUkM0Z3haNVV4TEF1JTIxNWUwJTIxM20yJTIxMXN0ciUyMTJzdHIlMjE0djE1NzEyNTA5Njk1NzElMjE1bTIlMjExc3RyJTIxMnN0ciUyMiUyMHdpZHRoJTNEJTIyNjAwJTIyJTIwaGVpZ2h0JTNEJTIyNDUwJTIyJTIwZnJhbWVib3JkZXIlM0QlMjIwJTIyJTIwc3R5bGUlM0QlMjJib3JkZXIlM0EwJTNCJTIyJTIwYWxsb3dmdWxsc2NyZWVuJTNEJTIyJTIyJTNFJTNDJTJGaWZyYW1lJTNF&#8221; size=&#8221;450&#8243; css=&#8221;.vc_custom_1571250977350{padding-top: 50px !important;padding-bottom: 50px !important;}&#8221;][\/vc_column][\/vc_row]<\/p>\n","protected":false},"excerpt":{"rendered":"<p>[vc_row row_space=&#8221;remove_padding&#8221;][vc_column width=&#8221;1\/2&#8243;][\/vc_column][vc_column width=&#8221;1\/2&#8243;][vc_column_text]\u0130leti\u015fim Bilgilerimiz: Adresimiz: : Sanayi Mh. \u0130zmit San. Sit. 7.Cad. 414 Blok No.5 Telefon Numaralar\u0131m\u0131z: : G\u00f6khan \u00c7AKIR: +90 (543) 415 49 69 : M\u00fccahit Enes \u00c7AKIR: +90 541 373 19 97 : Ofis: 0262 335 55 45 E-Posta Adreslerimiz : info@izmitrulman.com : satis@izmitrulman.com[\/vc_column_text][\/vc_column][\/vc_row][vc_row row_space=&#8221;remove_padding&#8221; isfullwidth=&#8221;0&#8243;][vc_column][vc_gmaps link=&#8221;#E-8_JTNDaWZyYW1lJTIwc3JjJTNEJTIyaHR0cHMlM0ElMkYlMkZ3d3cuZ29vZ2xlLmNvbSUyRm1hcHMlMkZlbWJlZCUzRnBiJTNEJTIxMW0xOCUyMTFtMTIlMjExbTMlMjExZDMwMjIuNTgxODI0NTYwMDY2NyUyMTJkMjkuOTQ5MzI3OTE1NzI3MDE0JTIxM2Q0MC43NDkyMjYyNDMyNzM3MjUlMjEybTMlMjExZjAlMjEyZjAlMjEzZjAlMjEzbTIlMjExaTEwMjQlMjEyaTc2OCUyMTRmMTMuMSUyMTNtMyUyMTFtMiUyMTFzMHgxNGNiNDU4Yjg4MmE2MGIxJTI1M0EweGRlOWI3OWY1ZTFmYWNiMTAlMjEyenhMQmFUY1N3VkNCU1ZVeE5RVTRnVFVGTExpQlRRVTR1SUZURXNFTXVJRXhVUkM0Z3haNVV4TEF1JTIxNWUwJTIxM20yJTIxMXN0ciUyMTJzdHIlMjE0djE1NzEyNTA5Njk1NzElMjE1bTIlMjExc3RyJTIxMnN0ciUyMiUyMHdpZHRoJTNEJTIyNjAwJTIyJTIwaGVpZ2h0JTNEJTIyNDUwJTIyJTIwZnJhbWVib3JkZXIlM0QlMjIwJTIyJTIwc3R5bGUlM0QlMjJib3JkZXIlM0EwJTNCJTIyJTIwYWxsb3dmdWxsc2NyZWVuJTNEJTIyJTIyJTNFJTNDJTJGaWZyYW1lJTNF&#8221; size=&#8221;450&#8243; css=&#8221;.vc_custom_1571250977350{padding-top: 50px !important;padding-bottom: 50px [&hellip;]<\/p>\n","protected":false},"author":1,"featured_media":0,"parent":0,"menu_order":0,"comment_status":"closed","ping_status":"closed","template":"","meta":[],"_links":{"self":[{"href":"https:\/\/izmitrulman.com\/index.php?rest_route=\/wp\/v2\/pages\/610"}],"collection":[{"href":"https:\/\/izmitrulman.com\/index.php?rest_route=\/wp\/v2\/pages"}],"about":[{"href":"https:\/\/izmitrulman.com\/index.php?rest_route=\/wp\/v2\/types\/page"}],"author":[{"embeddable":true,"href":"https:\/\/izmitrulman.com\/index.php?rest_route=\/wp\/v2\/users\/1"}],"replies":[{"embeddable":true,"href":"https:\/\/izmitrulman.com\/index.php?rest_route=%2Fwp%2Fv2%2Fcomments&post=610"}],"version-history":[{"count":22,"href":"https:\/\/izmitrulman.com\/index.php?rest_route=\/wp\/v2\/pages\/610\/revisions"}],"predecessor-version":[{"id":3095,"href":"https:\/\/izmitrulman.com\/index.php?rest_route=\/wp\/v2\/pages\/610\/revisions\/3095"}],"wp:attachment":[{"href":"https:\/\/izmitrulman.com\/index.php?rest_route=%2Fwp%2Fv2%2Fmedia&parent=610"}],"curies":[{"name":"wp","href":"https:\/\/api.w.org\/{rel}","templated":true}]}}