{"id":16999,"date":"2021-03-28T13:54:04","date_gmt":"2021-03-28T10:54:04","guid":{"rendered":"https:\/\/izmitrulman.com\/?post_type=product&#038;p=16999"},"modified":"2021-03-28T13:55:16","modified_gmt":"2021-03-28T10:55:16","slug":"anti-seize-compound","status":"publish","type":"product","link":"https:\/\/izmitrulman.com\/?product=anti-seize-compound","title":{"rendered":"ANTI-SEIZE Compound"},"content":{"rendered":"<p>Anti-seize bile\u015fi\u011fi<br \/>\nBak\u0131r Bazl\u0131 Yap\u0131\u015fmaz Pasta<\/p>\n<p>Kaynama, gev\u015femeyi ve korozyonu \u00f6nler<br \/>\nSuya dald\u0131r\u0131ld\u0131\u011f\u0131nda bile suya kar\u015f\u0131 m\u00fckemmel diren\u00e7<br \/>\nTuzlu su ortamlar\u0131na son derece dayan\u0131kl\u0131<br \/>\nKur\u015funsuz form\u00fclasyon<br \/>\nM\u00fckemmel s\u0131cakl\u0131k aral\u0131\u011f\u0131 -50\u00baC ila + 1100\u00baC<br \/>\nS\u00fcrt\u00fcnme katsay\u0131s\u0131 0.15<\/p>\n<p>&#8212;&#8211;<\/p>\n<p>ANTI-SEIZE Compound<br \/>\nCopper Based Anti-Seize Paste<\/p>\n<p>Prevents seizure, galling and corrosion<br \/>\nExcellent resistance to water, even when submerged<br \/>\nHighly resistant to salt water environments<br \/>\nLead-free formulation<br \/>\nExcellent temperature range -50\u00baC to +1100\u00baC<br \/>\nCoefficient of friction 0.15<\/p>\n","protected":false},"excerpt":{"rendered":"<p><a href=\"https:\/\/www.rocol.com\/datasheets\/download\/tds\/6\/ANTI-SEIZE%20Compound\"><img decoding=\"async\" loading=\"lazy\" src=\"https:\/\/izmitrulman.com\/wp-content\/uploads\/2021\/03\/pdf_icon2-60x60.png\" alt=\"\" width=\"60\" height=\"60\" class=\"alignnone size-full wp-image-16976\" \/><\/a><\/p>\n","protected":false},"featured_media":17002,"comment_status":"closed","ping_status":"closed","template":"","meta":[],"product_cat":[15],"product_tag":[101,98,93,100,94,97,96,91,99,95],"_links":{"self":[{"href":"https:\/\/izmitrulman.com\/index.php?rest_route=\/wp\/v2\/product\/16999"}],"collection":[{"href":"https:\/\/izmitrulman.com\/index.php?rest_route=\/wp\/v2\/product"}],"about":[{"href":"https:\/\/izmitrulman.com\/index.php?rest_route=\/wp\/v2\/types\/product"}],"replies":[{"embeddable":true,"href":"https:\/\/izmitrulman.com\/index.php?rest_route=%2Fwp%2Fv2%2Fcomments&post=16999"}],"wp:featuredmedia":[{"embeddable":true,"href":"https:\/\/izmitrulman.com\/index.php?rest_route=\/wp\/v2\/media\/17002"}],"wp:attachment":[{"href":"https:\/\/izmitrulman.com\/index.php?rest_route=%2Fwp%2Fv2%2Fmedia&parent=16999"}],"wp:term":[{"taxonomy":"product_cat","embeddable":true,"href":"https:\/\/izmitrulman.com\/index.php?rest_route=%2Fwp%2Fv2%2Fproduct_cat&post=16999"},{"taxonomy":"product_tag","embeddable":true,"href":"https:\/\/izmitrulman.com\/index.php?rest_route=%2Fwp%2Fv2%2Fproduct_tag&post=16999"}],"curies":[{"name":"wp","href":"https:\/\/api.w.org\/{rel}","templated":true}]}}