{"id":17016,"date":"2021-03-28T14:46:33","date_gmt":"2021-03-28T11:46:33","guid":{"rendered":"https:\/\/izmitrulman.com\/?post_type=product&#038;p=17016"},"modified":"2021-03-28T14:46:33","modified_gmt":"2021-03-28T11:46:33","slug":"moisture-guard-clear-spray","status":"publish","type":"product","link":"https:\/\/izmitrulman.com\/?product=moisture-guard-clear-spray","title":{"rendered":"MOISTURE GUARD Clear Spray"},"content":{"rendered":"<p>NEM KORUYUCU \u015eeffaf Sprey<br \/>\n\u0130\u00e7 Mekan Korozyona Kar\u015f\u0131 Koruyucu Aerosol Sprey<\/p>\n<p>M\u00fckemmel susuzla\u015ft\u0131rma korozyon inhibit\u00f6r\u00fc<br \/>\nBe\u015f y\u0131ll\u0131k kapal\u0131 alan korozyon korumas\u0131<br \/>\nEsnek film k\u0131r\u0131lmaz veya \u00e7atlamaz<br \/>\nKir veya tozu \u00e7ekmez<br \/>\nSilikon i\u00e7ermez<br \/>\nYo\u011fu\u015fmaya ve nemli atmosferlere kar\u015f\u0131 korur<br \/>\nKal\u0131plama aletleri, rulmanlar, di\u015fliler, presler ve herhangi bir i\u015flenmi\u015f metal gibi geni\u015f bir \u00fcr\u00fcn yelpazesi i\u00e7in uygundur.<\/p>\n<p>&#8212;&#8211;<\/p>\n<p>MOISTURE GUARD Clear Spray<br \/>\nIndoor Corrosion Protective Aerosol Spray<\/p>\n<p>Excellent de-watering corrosion inhibitor<br \/>\nFive year indoor corrosion protection<br \/>\nFlexible film does not chip or crack<br \/>\nDoes not attract dirt or dust<br \/>\nSilicone free<br \/>\nProtects against condensation and damp atmospheres<br \/>\nSuitable for a wide range of products such as moulding tools, bearings, gears, pressing and any machined metal.<\/p>\n","protected":false},"excerpt":{"rendered":"<p><a href=\"https:\/\/www.rocol.com\/datasheets\/download\/tds\/6\/MOISTURE%20GUARD%20Clear%20Spray\"><img decoding=\"async\" loading=\"lazy\" src=\"https:\/\/izmitrulman.com\/wp-content\/uploads\/2021\/03\/pdf_icon2-60x60.png\" alt=\"\" width=\"60\" height=\"60\" class=\"alignnone size-full wp-image-16976\" \/><\/a><br \/>\nNEM KORUYUCU \u015eeffaf Sprey<br \/>\n\u0130\u00e7 Mekan Korozyona Kar\u015f\u0131 Koruyucu Aerosol Sprey<\/p>\n<p>M\u00fckemmel susuzla\u015ft\u0131rma korozyon inhibit\u00f6r\u00fc<br \/>\nBe\u015f y\u0131ll\u0131k kapal\u0131 alan korozyon korumas\u0131<br \/>\nEsnek film k\u0131r\u0131lmaz veya \u00e7atlamaz<br \/>\nKir veya tozu \u00e7ekmez<br \/>\nSilikon i\u00e7ermez<br \/>\nYo\u011fu\u015fmaya ve nemli atmosferlere kar\u015f\u0131 korur<br \/>\nKal\u0131plama aletleri, rulmanlar, di\u015fliler, presler ve herhangi bir i\u015flenmi\u015f metal gibi geni\u015f bir \u00fcr\u00fcn yelpazesi i\u00e7in uygundur.<\/p>\n","protected":false},"featured_media":17017,"comment_status":"closed","ping_status":"closed","template":"","meta":[],"product_cat":[103],"product_tag":[101,98,93,100,89,94,88,96,90,102,95,87,86],"_links":{"self":[{"href":"https:\/\/izmitrulman.com\/index.php?rest_route=\/wp\/v2\/product\/17016"}],"collection":[{"href":"https:\/\/izmitrulman.com\/index.php?rest_route=\/wp\/v2\/product"}],"about":[{"href":"https:\/\/izmitrulman.com\/index.php?rest_route=\/wp\/v2\/types\/product"}],"replies":[{"embeddable":true,"href":"https:\/\/izmitrulman.com\/index.php?rest_route=%2Fwp%2Fv2%2Fcomments&post=17016"}],"wp:featuredmedia":[{"embeddable":true,"href":"https:\/\/izmitrulman.com\/index.php?rest_route=\/wp\/v2\/media\/17017"}],"wp:attachment":[{"href":"https:\/\/izmitrulman.com\/index.php?rest_route=%2Fwp%2Fv2%2Fmedia&parent=17016"}],"wp:term":[{"taxonomy":"product_cat","embeddable":true,"href":"https:\/\/izmitrulman.com\/index.php?rest_route=%2Fwp%2Fv2%2Fproduct_cat&post=17016"},{"taxonomy":"product_tag","embeddable":true,"href":"https:\/\/izmitrulman.com\/index.php?rest_route=%2Fwp%2Fv2%2Fproduct_tag&post=17016"}],"curies":[{"name":"wp","href":"https:\/\/api.w.org\/{rel}","templated":true}]}}