{"id":17048,"date":"2021-03-28T18:42:51","date_gmt":"2021-03-28T15:42:51","guid":{"rendered":"https:\/\/izmitrulman.com\/?post_type=product&#038;p=17048"},"modified":"2021-03-28T18:43:10","modified_gmt":"2021-03-28T15:43:10","slug":"sapphire-hi-torque-320","status":"publish","type":"product","link":"https:\/\/izmitrulman.com\/?product=sapphire-hi-torque-320","title":{"rendered":"SAPPHIRE Hi-Torque 320"},"content":{"rendered":"<p><strong>SAPPHIRE Hi-Torque 320<\/strong><\/p>\n<p>634 \/ 5000<br \/>\n\u00c7eviri sonu\u00e7lar\u0131<br \/>\nSAPPHIRE Y\u00fcksek Tork<br \/>\nY\u00fcksek performansl\u0131, yar\u0131 sentetik di\u015fli kutusu s\u0131v\u0131lar\u0131<\/p>\n<p>-20 \u00b0 C ile + 120 \u00b0 C aras\u0131nda geni\u015f bir s\u0131cakl\u0131k direnci sunar.<br \/>\nSeri, 560 kg kaynak y\u00fck\u00fc ile ola\u011fan\u00fcst\u00fc EP performans\u0131na sahiptir.<br \/>\nM\u00fckemmel termal stabilite ve maksimum koruma i\u00e7in Benzersiz SUPS (Ba\u015flang\u0131\u00e7 Koruma Sistemi) i\u00e7erir.<br \/>\n\u00c7o\u011fu mineral ve sentetik ya\u011f t\u00fcrleriyle uyumluluk sa\u011flayan yar\u0131 sentetik.<br \/>\nM\u00fckemmel suyla y\u0131kanma direncine ve korozyon korumas\u0131na sahip inat\u00e7\u0131, d\u00fc\u015f\u00fck k\u00f6p\u00fcren bir film sa\u011flar.<br \/>\nG\u00f6r\u00fcn\u00fcrl\u00fck ve m\u00fckemmel stabilite i\u00e7in mavi bir boyaya sahiptirler, bu da daha uzun yeniden ya\u011flama aral\u0131klar\u0131 ve ya\u011flay\u0131c\u0131 kullan\u0131m\u0131nda azalma sa\u011flar. <\/p>\n<p>&#8212;&#8211;<\/p>\n<p><strong>SAPPHIRE Hi-Torque<\/strong><br \/>\nHigh performance, semi-synthetic gearbox fluids<\/p>\n<p>Offers a wide temperature resistance of -20\u00b0C to +120\u00b0C.<br \/>\nThe range has outstanding EP performance with a 560 kg weld load.<br \/>\nExcellent thermal stability and contain a Unique SUPS (Start Up Protection System) for maximum protection.<br \/>\nSemi-synthetic which ensures compatibility with most types of mineral and synthetic oils.<br \/>\nProvides a tenacious, low foaming film with excellent water wash-off resistance and corrosion protection.<br \/>\nThey have a blue dye for visibility and excellent stability resulting in extended relubrication intervals and a reduction in lubricant usage<\/p>\n","protected":false},"excerpt":{"rendered":"<p><a href=\"https:\/\/www.rocol.com\/datasheets\/download\/tds\/6\/SAPPHIRE%20Hi-Torque%20Range\"><img decoding=\"async\" loading=\"lazy\" src=\"https:\/\/izmitrulman.com\/wp-content\/uploads\/2021\/03\/pdf_icon2-60x60.png\" alt=\"\" width=\"60\" height=\"60\" class=\"alignnone size-full wp-image-16976\" \/><\/a><br \/>\n<strong>SAPPHIRE Y\u00fcksek Tork<\/strong><br \/>\nY\u00fcksek performansl\u0131, yar\u0131 sentetik di\u015fli kutusu s\u0131v\u0131lar\u0131<\/p>\n<p>-20 \u00b0 C ile + 120 \u00b0 C aras\u0131nda geni\u015f bir s\u0131cakl\u0131k direnci sunar.<br \/>\nSeri, 560 kg kaynak y\u00fck\u00fc ile ola\u011fan\u00fcst\u00fc EP performans\u0131na sahiptir.<br \/>\nM\u00fckemmel termal stabilite ve maksimum koruma i\u00e7in Benzersiz SUPS (Ba\u015flang\u0131\u00e7 Koruma Sistemi) i\u00e7erir.<br \/>\n\u00c7o\u011fu mineral ve sentetik ya\u011f t\u00fcrleriyle uyumluluk sa\u011flayan yar\u0131 sentetik.<br \/>\nM\u00fckemmel suyla y\u0131kanma direncine ve korozyon korumas\u0131na sahip inat\u00e7\u0131, d\u00fc\u015f\u00fck k\u00f6p\u00fcren bir film sa\u011flar.<br \/>\nG\u00f6r\u00fcn\u00fcrl\u00fck ve m\u00fckemmel stabilite i\u00e7in mavi bir boyaya sahiptirler, bu da daha uzun yeniden ya\u011flama aral\u0131klar\u0131 ve ya\u011flay\u0131c\u0131 kullan\u0131m\u0131nda azalma sa\u011flar.<\/p>\n","protected":false},"featured_media":17049,"comment_status":"closed","ping_status":"closed","template":"","meta":[],"product_cat":[92],"product_tag":[101,106,98,93,100,110,105,107,89,94,109,88,96,91,104,90,102,95,108,87,86],"_links":{"self":[{"href":"https:\/\/izmitrulman.com\/index.php?rest_route=\/wp\/v2\/product\/17048"}],"collection":[{"href":"https:\/\/izmitrulman.com\/index.php?rest_route=\/wp\/v2\/product"}],"about":[{"href":"https:\/\/izmitrulman.com\/index.php?rest_route=\/wp\/v2\/types\/product"}],"replies":[{"embeddable":true,"href":"https:\/\/izmitrulman.com\/index.php?rest_route=%2Fwp%2Fv2%2Fcomments&post=17048"}],"wp:featuredmedia":[{"embeddable":true,"href":"https:\/\/izmitrulman.com\/index.php?rest_route=\/wp\/v2\/media\/17049"}],"wp:attachment":[{"href":"https:\/\/izmitrulman.com\/index.php?rest_route=%2Fwp%2Fv2%2Fmedia&parent=17048"}],"wp:term":[{"taxonomy":"product_cat","embeddable":true,"href":"https:\/\/izmitrulman.com\/index.php?rest_route=%2Fwp%2Fv2%2Fproduct_cat&post=17048"},{"taxonomy":"product_tag","embeddable":true,"href":"https:\/\/izmitrulman.com\/index.php?rest_route=%2Fwp%2Fv2%2Fproduct_tag&post=17048"}],"curies":[{"name":"wp","href":"https:\/\/api.w.org\/{rel}","templated":true}]}}