{"id":17128,"date":"2021-04-03T20:20:01","date_gmt":"2021-04-03T17:20:01","guid":{"rendered":"https:\/\/izmitrulman.com\/?post_type=product&#038;p=17128"},"modified":"2021-04-03T20:20:04","modified_gmt":"2021-04-03T17:20:04","slug":"wire-rope-spray-20015","status":"publish","type":"product","link":"https:\/\/izmitrulman.com\/?product=wire-rope-spray-20015","title":{"rendered":"WIRE ROPE Spray &#8211; 20015"},"content":{"rendered":"<p><strong>TEL HALAT Spreyi<\/strong><br \/>\nY\u00fcksek performansl\u0131 susuzla\u015ft\u0131rma tel halat ya\u011f\u0131 aerosol\u00fc<\/p>\n<p>-30 \u00b0 C ila + 100 \u00b0 C s\u0131cakl\u0131k aral\u0131\u011f\u0131.<br \/>\nM\u00fckemmel n\u00fcfuz etme ve susuzla\u015ft\u0131rma \u00f6zellikleri, onu \u0131slak halatlarda veya depolamaya giren halatlarda kullan\u0131m i\u00e7in ideal k\u0131lar.<br \/>\nTeller ve halatlar \u00fczerindeki a\u015f\u0131nmay\u0131 azaltan ve b\u00f6ylece halat\u0131n hizmet \u00f6mr\u00fcn\u00fc en \u00fcst d\u00fczeye \u00e7\u0131karan m\u00fckemmel ya\u011flama \u00f6zellikleri sergiler.<br \/>\nSu ile y\u0131kamaya kar\u015f\u0131 son derece dayan\u0131kl\u0131d\u0131r ve ola\u011fan\u00fcst\u00fc korozyon korumas\u0131 sunar.<br \/>\nTel halat \u00fczerinde toz ve kir birikmesini \u00f6nleyen ince, yap\u0131\u015fkan olmayan bir film sa\u011flar.<\/p>\n<p>&#8212;&#8211;<\/p>\n<p><strong>WIRE ROPE Spray<\/strong><br \/>\nHigh performance de-watering wire rope lubricant aerosol<\/p>\n<p>Temperature range of -30\u00b0C to +100\u00b0C.<br \/>\nExcellent penetrating and dewatering properties making it ideal for use on wet ropes or ropes that are going into storage.<br \/>\nExhibits excellent lubrication properties which reduces wear on the wires and strands thereby maximizing the service life of the rope.<br \/>\nHighly resistant to water wash-off and offers outstanding corrosion protection.<br \/>\nProvides a thin, nontacky film which prevents the build-up of dust and dirt on the wire rope.<\/p>\n","protected":false},"excerpt":{"rendered":"<p><a href=\"https:\/\/www.rocol.com\/datasheets\/download\/tds\/6\/WIRE%20ROPE%20Spray\"><img decoding=\"async\" loading=\"lazy\" src=\"https:\/\/izmitrulman.com\/wp-content\/uploads\/2021\/03\/pdf_icon2-60x60.png\" alt=\"\" width=\"60\" height=\"60\" class=\"alignnone size-full wp-image-16976\" \/><\/a><br \/>\n<strong>TEL HALAT Spreyi<\/strong><br \/>\nY\u00fcksek performansl\u0131 susuzla\u015ft\u0131rma tel halat ya\u011f\u0131 aerosol\u00fc<\/p>\n<p>-30 \u00b0 C ila + 100 \u00b0 C s\u0131cakl\u0131k aral\u0131\u011f\u0131.<br \/>\nM\u00fckemmel n\u00fcfuz etme ve susuzla\u015ft\u0131rma \u00f6zellikleri, onu \u0131slak halatlarda veya depolamaya giren halatlarda kullan\u0131m i\u00e7in ideal k\u0131lar.<br \/>\nTeller ve halatlar \u00fczerindeki a\u015f\u0131nmay\u0131 azaltan ve b\u00f6ylece halat\u0131n hizmet \u00f6mr\u00fcn\u00fc en \u00fcst d\u00fczeye \u00e7\u0131karan m\u00fckemmel ya\u011flama \u00f6zellikleri sergiler.<br \/>\nSu ile y\u0131kamaya kar\u015f\u0131 son derece dayan\u0131kl\u0131d\u0131r ve ola\u011fan\u00fcst\u00fc korozyon korumas\u0131 sunar.<br \/>\nTel halat \u00fczerinde toz ve kir birikmesini \u00f6nleyen ince, yap\u0131\u015fkan olmayan bir film sa\u011flar.<\/p>\n","protected":false},"featured_media":17129,"comment_status":"closed","ping_status":"closed","template":"","meta":[],"product_cat":[15],"product_tag":[101,106,98,93,119,100,110,107,120,94,97,109,88,96,91,122,104,90,121,108,87,86],"_links":{"self":[{"href":"https:\/\/izmitrulman.com\/index.php?rest_route=\/wp\/v2\/product\/17128"}],"collection":[{"href":"https:\/\/izmitrulman.com\/index.php?rest_route=\/wp\/v2\/product"}],"about":[{"href":"https:\/\/izmitrulman.com\/index.php?rest_route=\/wp\/v2\/types\/product"}],"replies":[{"embeddable":true,"href":"https:\/\/izmitrulman.com\/index.php?rest_route=%2Fwp%2Fv2%2Fcomments&post=17128"}],"wp:featuredmedia":[{"embeddable":true,"href":"https:\/\/izmitrulman.com\/index.php?rest_route=\/wp\/v2\/media\/17129"}],"wp:attachment":[{"href":"https:\/\/izmitrulman.com\/index.php?rest_route=%2Fwp%2Fv2%2Fmedia&parent=17128"}],"wp:term":[{"taxonomy":"product_cat","embeddable":true,"href":"https:\/\/izmitrulman.com\/index.php?rest_route=%2Fwp%2Fv2%2Fproduct_cat&post=17128"},{"taxonomy":"product_tag","embeddable":true,"href":"https:\/\/izmitrulman.com\/index.php?rest_route=%2Fwp%2Fv2%2Fproduct_tag&post=17128"}],"curies":[{"name":"wp","href":"https:\/\/api.w.org\/{rel}","templated":true}]}}