{"id":17160,"date":"2023-09-16T14:33:01","date_gmt":"2023-09-16T11:33:01","guid":{"rendered":"https:\/\/izmitrulman.com\/?post_type=product&#038;p=17160"},"modified":"2023-09-16T17:00:41","modified_gmt":"2023-09-16T14:00:41","slug":"pmi-msa-serisi-agir-yuk-bilyali-lineer-arabalar","status":"publish","type":"product","link":"https:\/\/izmitrulman.com\/?product=pmi-msa-serisi-agir-yuk-bilyali-lineer-arabalar","title":{"rendered":"PMI &#8211; MSA Serisi A\u011f\u0131r Y\u00fck &#8211; Bilyal\u0131 Lineer Arabalar"},"content":{"rendered":"<p>[vc_row][vc_column width=&#8221;1\/3&#8243;][vc_single_image image=&#8221;17163&#8243;][\/vc_column][vc_column width=&#8221;2\/3&#8243;][vc_column_text]MSA serisi, d\u00fc\u015f\u00fck s\u00fcrt\u00fcnme direncini korurken d\u00f6rt y\u00f6nde rijitli\u011fi art\u0131rmak i\u00e7in iyi dengelenmi\u015f bir \u00f6n y\u00fck sa\u011flayabilir. Bu, \u00f6zellikle y\u00fcksek hassasiyet ve y\u00fcksek sertlik gerektiren harekete uygundur.<br \/>\nYa\u011flama yolunun patentli tasar\u0131m\u0131, ya\u011flay\u0131c\u0131n\u0131n her sirk\u00fclasyon d\u00f6ng\u00fcs\u00fcnde e\u015fit olarak da\u011f\u0131lmas\u0131n\u0131 sa\u011flar.\u00a0Bu nedenle, herhangi bir kurulum y\u00f6n\u00fcnde optimum ya\u011flama elde edilebilir ve bu, \u00e7al\u0131\u015fma do\u011frulu\u011fu, hizmet \u00f6mr\u00fc ve g\u00fcvenilirlik a\u00e7\u0131s\u0131ndan performans\u0131 art\u0131r\u0131r.[\/vc_column_text][\/vc_column][\/vc_row][vc_row][vc_column][vc_tta_accordion][vc_tta_section title=&#8221;Araba Geni\u015f Model (MSA-A)&#8221; tab_id=&#8221;1694866390464-bb17b6d1-dd89&#8243;][vc_row_inner][vc_column_inner width=&#8221;1\/3&#8243;][vc_single_image image=&#8221;17165&#8243;][\/vc_column_inner][vc_column_inner width=&#8221;2\/3&#8243;][vc_column_text]<\/p>\n<h2>Araba Geni\u015f Model (MSA-A)<\/h2>\n<p>Di\u015f uzunlu\u011fu MSA-E tipinden daha uzun olacak \u015fekilde araban\u0131n \u00fcst taraf\u0131ndan tak\u0131l\u0131r.[\/vc_column_text][\/vc_column_inner][\/vc_row_inner][vc_row_inner][vc_column_inner][vc_column_text]<\/p>\n<table class=\"table table-hover productList\">\n<thead>\n<tr>\n<th>\u00dcr\u00fcn Kodu<\/th>\n<th>Ray Dahil Y\u00fckseklik<\/th>\n<th>Delik Merkezleri<\/th>\n<th>Araba En Boy<\/th>\n<th>Araba Stok<\/th>\n<th>Ray Stok<\/th>\n<\/tr>\n<\/thead>\n<tbody>\n<tr>\n<td>MSA 15 A-E<\/td>\n<td>24<\/td>\n<td>38-30<\/td>\n<td>47-56,3<\/td>\n<td>9999<\/td>\n<td>9999<\/td>\n<\/tr>\n<tr>\n<td>MSA 20 A-E<\/td>\n<td>30<\/td>\n<td>53-40<\/td>\n<td>63-72,9<\/td>\n<td>9999<\/td>\n<td>9999<\/td>\n<\/tr>\n<tr>\n<td>MSA 25 A-E<\/td>\n<td>36<\/td>\n<td>57-45<\/td>\n<td>70-81,6<\/td>\n<td>9999<\/td>\n<td>9999<\/td>\n<\/tr>\n<tr>\n<td>MSA 30 A-E<\/td>\n<td>42<\/td>\n<td>72-52<\/td>\n<td>90-97<\/td>\n<td>9999<\/td>\n<td>9999<\/td>\n<\/tr>\n<tr>\n<td>MSA 35 A-E<\/td>\n<td>48<\/td>\n<td>82-62<\/td>\n<td>100-111,2<\/td>\n<td>9999<\/td>\n<td>9999<\/td>\n<\/tr>\n<tr>\n<td>MSA 45 A-E<\/td>\n<td>60<\/td>\n<td>100-80<\/td>\n<td>120-137,7<\/td>\n<td>9999<\/td>\n<td>9999<\/td>\n<\/tr>\n<tr>\n<td>MSA 55 E<\/td>\n<td>70<\/td>\n<td>116-95<\/td>\n<td>140-161,5<\/td>\n<td>9999<\/td>\n<td>9999<\/td>\n<\/tr>\n<tr>\n<td>MSA 65 E<\/td>\n<td>90<\/td>\n<td>142-110<\/td>\n<td>170-199<\/td>\n<td>9999<\/td>\n<td>9999<\/td>\n<\/tr>\n<\/tbody>\n<\/table>\n<p>[\/vc_column_text][\/vc_column_inner][\/vc_row_inner][\/vc_tta_section][vc_tta_section title=&#8221;Araba Geni\u015f Uzun Model (MSA-LA)&#8221; tab_id=&#8221;1694866390483-c009b8dd-8c82&#8243;][vc_row_inner][vc_column_inner width=&#8221;1\/3&#8243;][vc_single_image image=&#8221;17166&#8243;][\/vc_column_inner][vc_column_inner width=&#8221;2\/3&#8243;][vc_column_text]<\/p>\n<h2>Araba Geni\u015f Uzun Model (MSA-LA)<\/h2>\n<p>T\u00fcm boyutlar MSA-A ile ayn\u0131d\u0131r, ancak uzunluk daha uzundur, bu da onu daha sert yapar.[\/vc_column_text][\/vc_column_inner][\/vc_row_inner][vc_row_inner][vc_column_inner][vc_column_text]<\/p>\n<table class=\"table table-hover productList\">\n<thead>\n<tr>\n<th>\u00dcr\u00fcn Kodu<\/th>\n<th>Ray Dahil Y\u00fckseklik<\/th>\n<th>Delik Merkezleri<\/th>\n<th>Araba En Boy<\/th>\n<th>Araba Stok<\/th>\n<th>Ray Stok<\/th>\n<\/tr>\n<\/thead>\n<tbody>\n<tr>\n<td>MSA 20 LA-LE<\/td>\n<td>30<\/td>\n<td>53-40<\/td>\n<td>63-88,8<\/td>\n<td>9999<\/td>\n<td>9999<\/td>\n<\/tr>\n<tr>\n<td>MSA 25 LA-LE<\/td>\n<td>36<\/td>\n<td>57-45<\/td>\n<td>700-100,6<\/td>\n<td>9999<\/td>\n<td>9999<\/td>\n<\/tr>\n<tr>\n<td>MSA 30 LA-LE<\/td>\n<td>42<\/td>\n<td>72-52<\/td>\n<td>90-119,2<\/td>\n<td>9999<\/td>\n<td>9999<\/td>\n<\/tr>\n<tr>\n<td>MSA 35 LA-LE<\/td>\n<td>48<\/td>\n<td>82-62<\/td>\n<td>100-136,6<\/td>\n<td>9999<\/td>\n<td>9999<\/td>\n<\/tr>\n<tr>\n<td>MSA 45 LA-LE<\/td>\n<td>60<\/td>\n<td>100-80<\/td>\n<td>120-169,5<\/td>\n<td>9999<\/td>\n<td>9999<\/td>\n<\/tr>\n<tr>\n<td>MSA 55 LE<\/td>\n<td>70<\/td>\n<td>116-95<\/td>\n<td>140-199,5<\/td>\n<td>9999<\/td>\n<td>9999<\/td>\n<\/tr>\n<tr>\n<td>MSA 65 LE<\/td>\n<td>90<\/td>\n<td>142-110<\/td>\n<td>170-253<\/td>\n<td>9999<\/td>\n<td>9999<\/td>\n<\/tr>\n<\/tbody>\n<\/table>\n<p>[\/vc_column_text][\/vc_column_inner][\/vc_row_inner][\/vc_tta_section][vc_tta_section title=&#8221;Araba Dar Model (MSA-S)&#8221; tab_id=&#8221;1694870509332-cf6ba656-8ed6&#8243;][vc_row_inner][vc_column_inner width=&#8221;1\/3&#8243;][vc_single_image image=&#8221;17167&#8243;][\/vc_column_inner][vc_column_inner width=&#8221;2\/3&#8243;][vc_column_text]<\/p>\n<h2>Araba Dar Model (MSA-S)<\/h2>\n<p>Daha k\u00fc\u00e7\u00fck geni\u015flikte kare tip ve ta\u015f\u0131y\u0131c\u0131n\u0131n \u00fcst taraf\u0131ndan monte edilebilir.[\/vc_column_text][\/vc_column_inner][\/vc_row_inner][vc_row_inner][vc_column_inner][vc_column_text]<\/p>\n<table class=\"table table-hover productList\">\n<thead>\n<tr>\n<th>\u00dcr\u00fcn Kodu<\/th>\n<th>Ray Dahil Y\u00fckseklik<\/th>\n<th>Delik Merkezleri<\/th>\n<th>Araba En Boy<\/th>\n<th>Araba Stok<\/th>\n<th>Ray Stok<\/th>\n<\/tr>\n<\/thead>\n<tbody>\n<tr>\n<td>MSA 15 S<\/td>\n<td>28<\/td>\n<td>26-26<\/td>\n<td>34-56,3<\/td>\n<td>9999<\/td>\n<td>9999<\/td>\n<\/tr>\n<tr>\n<td>MSA 20 S<\/td>\n<td>30<\/td>\n<td>32-36<\/td>\n<td>44-72,9<\/td>\n<td>9999<\/td>\n<td>9999<\/td>\n<\/tr>\n<tr>\n<td>MSA 25 S<\/td>\n<td>40<\/td>\n<td>35-35<\/td>\n<td>48-81,6<\/td>\n<td>9999<\/td>\n<td>9999<\/td>\n<\/tr>\n<tr>\n<td>MSA 30 S<\/td>\n<td>45<\/td>\n<td>40-40<\/td>\n<td>60-97<\/td>\n<td>9999<\/td>\n<td>9999<\/td>\n<\/tr>\n<tr>\n<td>MSA 35 S<\/td>\n<td>55<\/td>\n<td>50-50<\/td>\n<td>70-111,2<\/td>\n<td>9999<\/td>\n<td>9999<\/td>\n<\/tr>\n<tr>\n<td>MSA 45 S<\/td>\n<td>70<\/td>\n<td>60-60<\/td>\n<td>86-137,7<\/td>\n<td>9999<\/td>\n<td>9999<\/td>\n<\/tr>\n<tr>\n<td>MSA 55 S<\/td>\n<td>80<\/td>\n<td>75-75<\/td>\n<td>100-161,5<\/td>\n<td>9999<\/td>\n<td>9999<\/td>\n<\/tr>\n<tr>\n<td>MSA 65 S<\/td>\n<td>90<\/td>\n<td>76-70<\/td>\n<td>126-199<\/td>\n<td>9999<\/td>\n<td>9999<\/td>\n<\/tr>\n<\/tbody>\n<\/table>\n<p>[\/vc_column_text][\/vc_column_inner][\/vc_row_inner][\/vc_tta_section][vc_tta_section title=&#8221;Araba Dar Uzun Model (MSA-LS)&#8221; tab_id=&#8221;1694870667480-1df606be-d038&#8243;][vc_row_inner][vc_column_inner width=&#8221;1\/3&#8243;][vc_single_image image=&#8221;17168&#8243;][\/vc_column_inner][vc_column_inner width=&#8221;2\/3&#8243;][vc_column_text]<\/p>\n<h2>Araba Dar Uzun Model (MSA-LS)<\/h2>\n<p>Uzunlu\u011fun daha uzun olmas\u0131 d\u0131\u015f\u0131nda t\u00fcm boyutlar MSA-S ile ayn\u0131d\u0131r, bu da onu daha sert yapar.[\/vc_column_text][\/vc_column_inner][\/vc_row_inner][vc_row_inner][vc_column_inner][vc_column_text]<\/p>\n<table class=\"table table-hover productList\">\n<thead>\n<tr>\n<th>\u00dcr\u00fcn Kodu<\/th>\n<th>Ray Dahil Y\u00fckseklik<\/th>\n<th>Delik Merkezleri<\/th>\n<th>Araba En Boy<\/th>\n<th>Araba Stok<\/th>\n<th>Ray Stok<\/th>\n<\/tr>\n<\/thead>\n<tbody>\n<tr>\n<td>MSA 20 LS<\/td>\n<td>30<\/td>\n<td>32-50<\/td>\n<td>44-88,8<\/td>\n<td>9999<\/td>\n<td>9999<\/td>\n<\/tr>\n<tr>\n<td>MSA 25 LS<\/td>\n<td>40<\/td>\n<td>35-50<\/td>\n<td>48-100,6<\/td>\n<td>9999<\/td>\n<td>9999<\/td>\n<\/tr>\n<tr>\n<td>MSA 30 LS<\/td>\n<td>45<\/td>\n<td>40-60<\/td>\n<td>60-119,2<\/td>\n<td>9999<\/td>\n<td>9999<\/td>\n<\/tr>\n<tr>\n<td>MSA 35 LS<\/td>\n<td>55<\/td>\n<td>50-72<\/td>\n<td>70-136,6<\/td>\n<td>9999<\/td>\n<td>9999<\/td>\n<\/tr>\n<tr>\n<td>MSA 45 LS<\/td>\n<td>70<\/td>\n<td>60-80<\/td>\n<td>86-169,5<\/td>\n<td>9999<\/td>\n<td>9999<\/td>\n<\/tr>\n<tr>\n<td>MSA 55 LS<\/td>\n<td>80<\/td>\n<td>75-95<\/td>\n<td>100-199,5<\/td>\n<td>9999<\/td>\n<td>9999<\/td>\n<\/tr>\n<tr>\n<td>MSA 65 LS<\/td>\n<td>90<\/td>\n<td>76-120<\/td>\n<td>126-253<\/td>\n<td>9999<\/td>\n<td>9999<\/td>\n<\/tr>\n<\/tbody>\n<\/table>\n<p>[\/vc_column_text][\/vc_column_inner][\/vc_row_inner][\/vc_tta_section][\/vc_tta_accordion][\/vc_column][\/vc_row]<\/p>\n","protected":false},"excerpt":{"rendered":"<p>Bilya dizileri, radyal, ters radyal ve yanal y\u00f6nlerde e\u015fit bir y\u00fck ta\u015f\u0131mas\u0131n\u0131 sa\u011flayan 45\u00b0&#8217;lik bir temas a\u00e7\u0131s\u0131na g\u00f6re tasarlanm\u0131\u015ft\u0131r.\u00a0Bu nedenle herhangi bir montaj y\u00f6n\u00fcnde uygulanabilir.<\/p>\n","protected":false},"featured_media":17161,"comment_status":"closed","ping_status":"closed","template":"","meta":[],"product_cat":[15,132,131],"product_tag":[],"_links":{"self":[{"href":"https:\/\/izmitrulman.com\/index.php?rest_route=\/wp\/v2\/product\/17160"}],"collection":[{"href":"https:\/\/izmitrulman.com\/index.php?rest_route=\/wp\/v2\/product"}],"about":[{"href":"https:\/\/izmitrulman.com\/index.php?rest_route=\/wp\/v2\/types\/product"}],"replies":[{"embeddable":true,"href":"https:\/\/izmitrulman.com\/index.php?rest_route=%2Fwp%2Fv2%2Fcomments&post=17160"}],"wp:featuredmedia":[{"embeddable":true,"href":"https:\/\/izmitrulman.com\/index.php?rest_route=\/wp\/v2\/media\/17161"}],"wp:attachment":[{"href":"https:\/\/izmitrulman.com\/index.php?rest_route=%2Fwp%2Fv2%2Fmedia&parent=17160"}],"wp:term":[{"taxonomy":"product_cat","embeddable":true,"href":"https:\/\/izmitrulman.com\/index.php?rest_route=%2Fwp%2Fv2%2Fproduct_cat&post=17160"},{"taxonomy":"product_tag","embeddable":true,"href":"https:\/\/izmitrulman.com\/index.php?rest_route=%2Fwp%2Fv2%2Fproduct_tag&post=17160"}],"curies":[{"name":"wp","href":"https:\/\/api.w.org\/{rel}","templated":true}]}}